-5
(-4 + 9 - 1) + -2 + 1
3
0 - (4 - ((-1 - 1) + 4))
-2
Evaluate -3 - 3 - (0 + -6).
0
Evaluate 11 - 13 - -1 - -4.
3
What is the value of 14 + -8 - 10 - (2 - 0)?
-6
What is the value of -2 - (-7 - -10) - (-2 + 0)?
-3
What is the value of 2 - (8 + (4 - 6))?
-4
Evaluate 0 - (2 + 4 - 3).
-3
Evaluate -11 - ((4 + -7 - -6) + -7).
-7
3 + -5 + 4 - 4 - -2
0
What is (25 - 30) + (0 - -1)?
-4
Calculate 3 + (4 - (-4 + 16)) + -1.
-6
4 - (-3 + 4 - (-2 + 4))
5
What is -1 - -7 - (76 - 65)?
-5
What is -15 + 17 - (1 - (-2 + 3))?
2
What is 0 - (-1 - -3) - (0 - -2)?
-4
Calculate 6 - (0 - 7 - -11).
2
Calculate -5 - (-18 + 7 - -8).
-2
Evaluate (-4 - 0) + -7 + 13.
2
Evaluate 3 - (2 + 2 + 5 - 3).
-3
What is the value of (19 + -11 - 5) + -1 + 0?
2
What is the value of -9 - (-6 - 18 - -10)?
5
Evaluate 3 - (-4 + 5 + -2).
4
Calculate 12 + (-15 - -13) + -2 + -2.
6
What is the value of -13 - (-8 + 12 + -24)?
7
Calculate -4 - (-4 + 3 - -6 - 7).
-2
2 - ((0 - -2 - -1) + -4)
3
What is -6 + (-4 - -8) + -1 + 1?
-2
1 - 0 - (-48 - -51)
-2
What is the value of 19 + -28 + 8 + 6?
5
What is 0 - (0 + 0) - (23 + -21)?
-2
What is the value of 2 - 10 - 0 - -9?
1
Calculate 0 + -3 - (-9 - -14).
-8
0 + (0 - (1 - -3))
-4
Evaluate -15 + 3 - (-3 + 3 + -4).
-8
Calculate -6 - (-5 + (-2 - -3)).
-2
Evaluate -3 + -12 + (-36 - -47).
-4
Calculate 3 - 3 - 2 - (6 - 3).
-5
What is 10 + -9 - (-1 + 2 - -2)?
-2
Calculate 6 + -6 + 4 - 3.
1
Calculate 0 + 4 - (1 - 5 - -1).
7
Evaluate (14 - 13) + -3 + 0.
-2
Calculate 5 + (-3 - -3) + -6.
-1
Calculate 3 - (-1 - -2 - (0 - 0)).
2
What is the value of -3 + (4 - 1) + -2 + 0?
-2
Evaluate (5 - 3) + -2 + 3 + 1.
4
Evaluate (1 - -12) + (9 + -7 - 8).
7
What is the value of (-3 - (4 + -5)) + -2?
-4
Calculate (1 + 4 - (26 - 22)) + 2.
3
Evaluate 3 + -1 - (-3 + 5).
0
Calculate (1 - 1) + (-13 - -13) + 3.
3
(4 - 6) + 4 + 7
9
What is -10 - (-1 - (3 - (-1 + 0)))?
-5
2 + (-2 - (3 + -5))
2
What is the value of (3 - 2 - 5) + 5?
1
1 + -2 + -15 + 11
-5
Evaluate (1 - (-3 + -1)) + (-185 - -174).
-6
What is the value of 0 + 5 + 5 + -5?
5
Calculate -3 - (-12 + 1 + 1).
7
What is (-9 + 9 - 4) + (0 - -5)?
1
Calculate -1 + (4 - 1) - 3.
-1
What is (-7 - (4 - 8)) + 0 + -2?
-5
What is 0 + 5 + -4 - (1 + 4)?
-4
Evaluate (10 - 21) + (7 - -7).
3
What is the value of -7 - 0 - (-2 - 0)?
-5
What is (2 - (-2 + 5) - -1) + -2?
-2
Calculate 4 + -1 - (-5 - -8).
0
Calculate 22 + -24 + (-1 - -4).
1
-2 - (1 + -3 - (-4 - -8))
4
What is 5 + -3 - (3 - 7) - 4?
2
Evaluate -1 + (-13 - -6 - -11).
3
Evaluate (7 + -11 - (-1 + -6)) + -1.
2
What is the value of (-4 - -8) + (3 - (7 - -3))?
-3
What is the value of -20 - (-1 + -5) - (-7 - -1)?
-8
What is (-6 - (-5 + -2) - 7) + 2?
-4
What is -4 - (1 + -6 + 1) - -4?
4
Calculate 0 - (1 - (-5 + 8)).
2
What is the value of (-3 - 1) + (-27 - -29) + -3?
-5
(8 - (-11 + 5 - -12)) + -1
1
Calculate 7 - (1 - 3) - (4 + 0).
5
Evaluate (0 - (0 + (-5 - -2))) + -4.
-1
What is 10 - (2 - (4 + -6))?
6
Calculate (1 - 6) + 13 - (3 + 1).
4
Calculate (-4 - -5 - 2) + 2.
1
What is 5 + 3 + -11 - 2?
-5
2 + 1 - (-1 + (3 - -1))
0
What is 0 + (1 - -1) + -5 + 7?
4
What is -3 + -3 + 0 - -14?
8
What is (-5 - -3) + -6 + 2?
-6
Evaluate 6 + (-6 - (-1 + -2)).
3
Calculate -3 + (4 - 2) + 6.
5
What is (3 - 2) + -8 + 18 + -6?
5
What is (6 - 1) + (-4 - (-2 - -11))?
-8
Evaluate (-50 - -42) + (8 - 1).
-1
Evaluate (-3 - 2) + 2 - (-11 - -12).
-4
What is 2 - (-6 - 0 - -7)?
1
-3 + 5 + 0 - -3
5
What is 11 - (-8 - (-9 + -3))?
7
What is (-7 - -8) + -1 + -3?
-3
4 + (-6 - -1) + 2
1
Calculate 1 + 1 - (-8 + 10).
0
What is (1 - -1) + -2 + 3?
3
Calculate 1 + 5 + 5 + -4 + -2.
5
Calculate 1 - 0 - 0 - -3.
4
Calculate 28 - 14 - (0 + 22).
-8
Calculate -11 - (3 + 2 + -7).
-9
0 - (-4 - (-5 - -3 - 0))
2
Calculate 3 + (-12 - -4 - -8).
3
Calculate 11 + (-1 - 9) + 2.
3
Calculate -3 - (-8 + 3 - -3 - 0).
-1
Calculate 0 + 0 + 5 + 4 + -8.
1
What is 5 - -3 - 9 - (4 - 1)?
-4
What is the value of (7 - 3) + (-7 - -2 - 1)?
-2
What is the value of -2 + 6 + 0 + (-4 - -1)?
1
Calculate (-21 - -26) + (1 - -1).
7
What is the value of 5 - -1 - (32 + -35)?
9
Calculate (-4 - -11) + (-5 - -1 - -1).
4
Evaluate 5 - -8 - (-5 - -12).
6
Evaluate 12 + (-10 - (4 - (-3 + 11))).
6
Calculate -2 + 12 + -21 - -4.
-7
Calculate 3 + -1 + -3 - (-3 + 4).
-2
-2 + (-5 - (0 + -2))
-5
What is the value of 6 + (-7 - -8) - 11?
-4
What is the value of -3 - (-6 - (-1 + 4 - 5))?
1
What is the value of -2 - (-5 + 2 + 5 + 2)?
-6
Calculate 1 + -6 + (-1 - (5 + -4)).
-7
-3 + 3 + (-3 - -6 - 4)
-1
-1 + -2 + 4 + 0 + -4
-3
What is the value of -10 + 6 - (3 + -4)?
-3
-5 + 1 + -3 + 5
-2
What is (-2 + 4 - 0 - 9) + 3?
-4
Calculate -1 + 1 - 6 - (-18 + 17).
-5
(3 - -1) + (0 - 1)
3
Evaluate -5 + (-1 - -4) - 1 - -6.
3
What is the value of -5 - (-5 - -1 - (17 + -21))?
-5
What is the value of -1 + 1 + (-2 - (3 + -1))?
-4
Evaluate (2 - -1 - (0 - 1)) + -2.
2
9 + -19 + 7 - -1
-2
Evaluate 3 + -3 + (2 + -4 - -2).
0
What is 3 - ((1 - 7) + 13)?
-4
Evaluate 3 - (-3 + 9 + -4) - -2.
3
Calculate -1 - 1 - (3 + -1 - -1).
-5
What is the value of 6 - 6 - (2 + (-2 - -1))?
-1
What is the value of -6 - -7 - (1 - (1 + 1))?
2
Evaluate (7 - (11 - 14)) + -15.
-5
What is 6 - (-1 - (4 - 11))?
0
Calculate -6 + -1 - (2 + -2) - -5.
-2
What is the value of 0 - 7 - (-1 - (10 - 8))?
-4
Evaluate 5 + (6 - 4) - 4.
3
(-1 - -1) + 4 - (28 - 15)
-9
Evaluate (-4 - -2) + 1 - 2.
-3
3 - (-4 + 4) - -3
6
What is the value of -11 + 13 + 0 + (-1 - 1)?
0
What is -1 + (2 - (-5 - -4))?
2
What is (-2 + 0 - 3) + 4?
-1
Calculate -9 + 11 + (2 - 2).
2
What is -1 + -5 + (-3 - (-2 + -2))?
-5
Calculate 3 - -1 - (-32 - -35).
1
What is (-5 - -5 - 7) + 8?
1
Evaluate 3 + -1 + -126 + 126.
2
-5 + (10 - (-2 + -1 + 9))
-1
What is (72 - 73) + (-1 - -3 - 8)?
-7
What is -3 + 1 + 1 + 2 + -5?
-4
Evaluate -1 + (4 - 3) + 4.
4
What is the value of -2 - (1 + -2) - -4 - 8?
-5
0 - 1 - ((-13 - -11) + 2)
-1
What is the value of (-14 - (-4 - 8)) + -6?
-8
Evaluate 4 - (3 - 0) - (2 - 4).
3
Calculate 23 + -5 - 9 - (-1 + 7).
3
What is (2 - 3) + -13 + 19?
5
Evaluate (-618 - -614) + (-1 - 0) + -2.
-7
1 + (2 - -2 - 6)
-1
What is -2 - (1 + 3) - (-9 + 7)?
-4
What is -5 + (-1 - (0 + -1) - -1)?
-4
-14 - (-9 + 3) - -6
-2
What is -33 - -39 - (2 - 1)?
5
Calculate 4 - (1 - (-5 + 9)).
7
What is 3 + -1 + -1 + 0?
1
What is 12 + -12 + 3 + 0?
3
Evaluate -1 - (4 - 9) - -3.
7
Evaluate 1 + 7 + (-2 - 3).
3
Calculate (4 + 0 - -4) + -4.
4
Calculate 4 - (1 - -4 - 2).
1
2 + (-1 - -2) - (0 - 0)
3
Calculate 4 + -2 + 0 + -7 + 3.
-2
Calculate -8 + (-7 - (-8 + 9)) + 15.
-1
What is 10 + (9 - 11) + -6?
2
-2 - 1 - (-33 + 13 - -19)
-2
What is the value of 1 - (5 - 3) - (-1 - -7)?
-7
What is the value of (1 + 1 + 6 - 6) + 2?
4
What is -1 + -1 + (-8 - -11) - -2?
3
What is -3 + (21 - 24 - (-1 - 10))?
5
What is 2 - (9 - 10 - (-1 + -1))?
1
Evaluate -8 + 3 + (4 - 1).
-2
Evaluate -7 - (-3 - 6) - -1.
3
(-1 - 9) + 89 + -71
8
-4 - (0 - (3 - (-6 + 6)))
-1
Calculate 7 + 5 + 2 + -11.
3
What is 0 - 0 - (-16 + 19)?
-3
What is the value of 2 + (-6 - (-5 + 4 + -1))?
-2
5 + 3 + -15 - (-9 - -2)
0
Calculate (2 - (-5 - -2)) + -8.
-3
-5 + 2 + 0 - (5 - 13)
5
1 + 8 - (4 + 4)
1
(-6 - -3 - -2) + 4
3
What is -1 - (11 - (4 - -1))?
-7
Calculate 1 + -1 + 6 + -7 + -2.
-3
7 + -3 + -4 + 0
0
Evaluate -1 - (0 - (-2 + 0)).
-3
Evaluate 8 - (-4 + (3 - -5)).
4
What is (-2 - 8 - -4) + 13 + -7?
0
What is (1 - 2 - -4) + (2 - 3)?
2
What is the value of 7 + -12 + 15 + -6?
4
Calculate -7 + (5 - (2 + -1)) - -2.
-1
Calculate 0 + -4 - (-2 + 0 - -2).
-4
What is -2 + (-2 - (4 + -5))?
-3
Calculate -12 + (14 - (-1 + -1)).
4
-3 + -4 + 0 + (-2 - -4)
-5
1 + 3 - 1 - (47 + -41)
-3
Calculate -7 + -17 - -13 - 0.
-11
What is (-19 - (-10 + -6)) + (1 - -10)?
8
What is the value of 29 - 29 - (-3 + -1)?
4
Evaluate 4 + 6 + -4 + -7.
-1
What is the value of (-4 - -4) + 6 - (6 - 6)?
6
What is -3 + -6 + (7 - -3)?
1
What is 13 - 14 - (-2 - 2) - 5?
-2
What is the value of (2 - -6 - 7) + -1?
0
Evaluate -2 - 8 - (65 - 69).
-6
What is 7 - ((1 - -8) + -2)?
0
10 - 4 - (2 + -1 - -8)
-3
Evaluate (-8 - -18 - 6) + (1 - -1).
6
What is -2 - (3 + -3 + 5 + -1)?
-6
(-2 - (2 + -4)) + 4
4
Calculate (23 + -5 - 9) + -1.
8
What is the value of 2 - (9 + -4) - (-3 + -1)?
1
Evaluate -1 + (0 - -2) - 3.
-2
Calculate -4 + -9 + 3 + 1 + 3.
-6
Calculate (4 - (13 - 8 - 5)) + 3.
7
Calculate (2 + -7 - -9) + 1 + -5.
